27
Let y(d) = 9*d - 4. Let c be (4/(-8))/(1 - (-10)/(-8)). Let q be y(c). What is the highest common factor of 7 and q?
7
Let j(v) be the second derivative of -1/20*v**5 - 1/3*v**3 - 10*v + 0 - 3*v**2 + 7/12*v**4. Let c be j(6). Calculate the highest common divisor of 9 and c.
9
Suppose 3*j - 5*j + 6 = 0. Let q(z) = 2*z - 3*z**2 + 2*z - z**2 - z**2 - z**j. Let g be q(-6). Calculate the greatest common factor of g and 24.
12
Suppose 3*r - t - 16 = 0, -4*t = -r - r + 24. Suppose 0 = -r*q - 2*l + 66, 5*l = 2*l - 3. What is the greatest common factor of q and 153?
17
Let k = -193 - -737. Calculate the highest common factor of 68 and k.
68
Let h(l) = l**3 + 10*l**2 + 5*l - 25. Let z be h(-9). Calculate the highest common factor of z and 1815.
11
Suppose -4*y = 5*j - 49 - 78, -y - 4*j = -29. Suppose 8*b = 10*b + 5*t - 17, 2*b = -2*t + 20. What is the highest common divisor of b and y?
11
Suppose 0 = -0*d + 3*d + 87. Let l be 3/9*(7 - d). What is the highest common divisor of 84 and l?
12
Let v be (-68 + 5)/(-1) + 0 + -5. What is the greatest common factor of v and 116?
58
Let a = -855 - -887. Calculate the greatest common divisor of 72 and a.
8
Let v = -3 - -3. Let f = v + 12. What is the highest common divisor of f and 12?
12
Let l be 1 - (-1 + 1) - -27. Suppose 4*b = -4*w + 24, 18 = -2607*w + 2608*w - 5*b. Calculate the highest common divisor of w and l.
4
Let g = 1041 + -425. What is the greatest common factor of 112 and g?
56
Suppose 0 = -4*r - 3*f + 26, -4*r + 3*f + 46 = r. Let a = 2 - -1. Suppose -4*v - q = -a, 4*v - 21 = 3*q + 2. What is the highest common factor of r and v?
2
Let f(u) = 4*u**3 - 3*u**2 + 2*u. Let j be f(1). Suppose 3*a = 2*g + 619, 133 = -2*a + j*g + 554. Calculate the greatest common divisor of 29 and a.
29
Suppose -x + 2*x - 5 = 0. Suppose 311 = 12*y + 131. What is the highest common divisor of x and y?
5
Let r(x) = -x**2 - 4*x + 1. Let s be r(-3). Let d be 2 + -4*s/(-8). Calculate the greatest common divisor of d and 28.
4
Let k(y) = 5*y**3 + 3*y**2 - 2. Let h be k(2). Suppose -h*c - 144 = -54*c. What is the highest common factor of c and 18?
18
Suppose -2*n = -37 + 7. Let v be (-1)/(-3)*(-24)/(-4). Suppose -v*j - 2*f - 3 = -123, 0 = -5*f. Calculate the greatest common divisor of j and n.
15
Let t = -162 - -383. What is the greatest common factor of t and 272?
17
Suppose 222 = 4*o + 5*j, -67 = -5*o - 5*j + 213. Calculate the greatest common factor of o and 290.
58
Let j = 12 - 8. Suppose -2*p = j*r - 8, r = 4*r. Calculate the greatest common factor of 36 and p.
4
Suppose 2*w = 3*p - 16, p - 3*w - 10 = -0*p. Suppose 0 = -2*c + 2*g + 262, -p*c + 126 = -3*c + 4*g. Calculate the greatest common factor of 26 and c.
26
Suppose -5*m + 135 = -2*r + 4*r, -m + 123 = 2*r. What is the greatest common divisor of r and 48?
12
Let f be -412 + -12 - (-1 + 1). Let b be (-24)/36 + f/(-6). Suppose 0 = v - 0*v - 28. What is the greatest common factor of b and v?
14
Suppose q + q - 48 = 0. Suppose -f = f - q. Let s(b) = -17*b + 92. Let j be s(4). What is the highest common factor of f and j?
12
Let a = -200 - -257. Calculate the highest common factor of a and 171.
57
Let a(n) = 150*n - 3. Let q be a(2). Let o = -81 + 90. Let v(z) = -2*z**2 + 21*z. Let b be v(o). Calculate the highest common factor of b and q.
27
Suppose -t = -7*t + 48. Let l be (t/(-16))/(1/(-26)). Calculate the highest common factor of 104 and l.
13
Suppose -4*w = -11*w + 707. Let y = w - 71. Calculate the greatest common divisor of 45 and y.
15
Let d(l) = -2*l**2 - 19*l - 7. Let x be d(-9). Calculate the greatest common factor of 6 and x.
2
Let a(v) = 2*v**2 - 1 - 7*v**3 + 1 + v. Let b be a(-1). Let c = -15702 - -15710. What is the greatest common divisor of b and c?
8
Let s(c) = -c**2 + 25*c + 40. Let a be s(26). What is the highest common divisor of 1162 and a?
14
Suppose -794 = -4*n + 266. Calculate the greatest common divisor of 106 and n.
53
Let v be (258/21)/1 - (-4)/(-14). What is the highest common divisor of 312 and v?
12
Let h be 6 + -2 + 62 + -2. What is the highest common factor of 48 and h?
16
Let w be (776 - 1)*(-8 - (-301)/35). Calculate the highest common divisor of 60 and w.
15
Let b(p) = -p. Let n be b(8). Let a be -1*3 + n + 85. Suppose -2*d = -w + 87, 2*w - 5*d - 105 = a. Calculate the greatest common divisor of w and 7.
7
Suppose -r - 5 = 3*m - 49, -4*m - r = -60. What is the highest common divisor of 184 and m?
8
Let k be 567/15 - (-5)/25. What is the greatest common divisor of k and 133?
19
Let d = 32 + -27. Suppose 5*t - 46 = d*v - 11, 1 = -v. What is the highest common factor of 42 and t?
6
Let m be 6/4 + 3/6. Suppose -2*w - 12 = -2*n, -4*n = -6*n - 2*w + 4. Suppose 10*r - n = 8*r. What is the highest common factor of m and r?
2
Let b be (-47 + 39)/((-1)/58). Calculate the greatest common divisor of b and 29.
29
Let u(n) = n - 1. Let l(i) = 6*i - 6. Let b(o) = 2*l(o) - 6*u(o). Let a be b(3). Calculate the highest common divisor of 18 and a.
6
Let i = -351 - -354. Calculate the greatest common divisor of i and 126.
3
Suppose 0 = -q + 5, -h + 5*q + 2 = 19. Suppose 256 = 21*r - 5*r. Calculate the greatest common divisor of h and r.
8
Suppose 2*y = -2*y - 4*i + 328, 2*i - 249 = -3*y. Let s be 2*((-86)/4 - 0). Let v = -9 - s. Calculate the highest common factor of y and v.
17
Let x = 384 - 329. Calculate the highest common divisor of 25 and x.
5
Suppose 0 = 77*c - 348 - 884. What is the greatest common factor of 4384 and c?
16
Suppose 2*j + 40 = 5*x, 3*j - 3 = -2*x + 13. Let w be 11 + -6*(-4)/x. Let b be (-250)/(-7) + 4/w. What is the highest common divisor of 9 and b?
9
Let t = -3350 - -3382. Suppose -6*d = -d - 2*i - 84, 3*d + 3*i - 42 = 0. What is the highest common divisor of d and t?
16
Let x = 50 + -5. Let n = 98 - 83. What is the highest common factor of x and n?
15
Suppose 23*i = 1416 - 496. What is the greatest common divisor of 330 and i?
10
Let n = -396 + 408. What is the highest common divisor of n and 90?
6
Let m be 2/(134/(-45) - -3). Calculate the greatest common factor of m and 10.
10
Let r = -172 + 293. Let n(z) = -2*z**2 - 25*z - 22. Let i be n(-11). Suppose 0 = -4*o + 5*o - i. What is the highest common divisor of o and r?
11
Let k = -983 + 993. What is the highest common factor of k and 16?
2
Suppose 0 = -a - 2*a + 9. Suppose -5*m + 20 = 0, -3*n = -6*n - a*m + 147. Calculate the highest common divisor of 15 and n.
15
Let q be ((-18)/8)/(3/(-12)). Let d = -10 + q. Let t be (7/21)/(d/(-39)). What is the highest common factor of t and 117?
13
Suppose 5*s + 4*p - 390 - 432 = 0, 5*p - 339 = -2*s. What is the highest common divisor of 135 and s?
27
Suppose y = -5*n - 22, 5*y - 2*n - 13 = 12. Suppose 4*g = y*g. Let q(r) = r**3 + 1. Let i be q(g). What is the greatest common factor of 1 and i?
1
Let a(x) = -x**3 + 22*x**2 + 27*x + 24. Let k be a(23). Calculate the highest common factor of 87 and k.
29
Suppose 2*c + 60*f - 57*f = 69, -3*f - 57 = -c. What is the highest common factor of c and 70?
14
Suppose 0 = -12*a + 917 - 665. What is the greatest common factor of a and 77?
7
Let s(z) = -z**2 + 7*z + 8. Let d be s(8). Suppose 20 = -5*b, 4*j - 12 = -d*b - 4*b. Suppose 3 = 2*l - j. Calculate the highest common factor of l and 45.
5
Let p be ((-112)/(-40))/((-4)/(-10)). Suppose -3*m - 40 = -p*m. Let n be (24/m)/(4/10). Calculate the greatest common factor of 24 and n.
6
Let w be 16/(-10)*225/(-18). Suppose 0 = 4*q - w, p + 2*p - q = 190. Suppose p = 4*l + l. Calculate the highest common factor of 13 and l.
13
Let n(z) = -z**2 - 17*z + 97. Let a be n(-21). What is the highest common factor of 78 and a?
13
Let m be (-15)/((-1)/3*(6 - 3)). Suppose -3*f + 3*q = -411, 0 = 4*f - 5*q + 3*q - 544. What is the greatest common factor of m and f?
15
Suppose 5*j = -p + 2*p - 28, 0 = 5*j + 25. Let v = -7 + 9. Calculate the highest common divisor of v and p.
1
Suppose 2*x + 4*o = 3*o + 45, -49 = -2*x - 5*o. Suppose -9*l + 50 = -40. Suppose -l = -119*s + 114*s. What is the highest common divisor of x and s?
2
Suppose 4*z + 3*v - 8 = 0, 3*v - 8 = -4*z + 4*v. Let x be z/(-10) + (-220)/25. Let l be 1 + 4 - (x - -9). What is the greatest common divisor of 2 and l?
1
Let q = -38506 - -38518. Let y = 0 + -1. Let n(w) = -85*w**3 - 1. Let h be n(y). What is the 